{"id":356,"date":"2025-08-29T14:33:58","date_gmt":"2025-08-29T14:33:58","guid":{"rendered":"https:\/\/ivorycoastfashiontexpo.com\/?page_id=356"},"modified":"2025-08-29T14:55:16","modified_gmt":"2025-08-29T14:55:16","slug":"press-release","status":"publish","type":"page","link":"https:\/\/ivorycoastfashiontexpo.com\/fr\/press-release\/","title":{"rendered":"Communiqu\u00e9 de presse"},"content":{"rendered":"<div data-elementor-type=\"wp-page\" data-elementor-id=\"356\" class=\"elementor elementor-356\">\n\t\t\t\t<div class=\"elementor-element elementor-element-54d3033 e-flex e-con-boxed e-con e-parent\" data-id=\"54d3033\" data-element_type=\"container\" data-e-type=\"container\" data-settings=\"{&quot;background_background&quot;:&quot;classic&quot;}\">\n\t\t\t\t\t<div class=\"e-con-inner\">\n\t\t<div class=\"elementor-element elementor-element-25177bc e-con-full e-flex e-con e-child\" data-id=\"25177bc\" data-element_type=\"container\" data-e-type=\"container\">\n\t\t\t\t<div class=\"elementor-element elementor-element-f10b450 elementor-widget elementor-widget-heading\" data-id=\"f10b450\" data-element_type=\"widget\" data-e-type=\"widget\" data-widget_type=\"heading.default\">\n\t\t\t\t<div class=\"elementor-widget-container\">\n\t\t\t\t\t<h1 class=\"elementor-heading-title elementor-size-default\">Communiqu\u00e9 de presse<\/h1>\t\t\t\t<\/div>\n\t\t\t\t<\/div>\n\t\t\t\t<\/div>\n\t\t\t\t\t<\/div>\n\t\t\t\t<\/div>\n\t\t<div class=\"elementor-element elementor-element-ca095e4 e-flex e-con-boxed e-con e-parent\" data-id=\"ca095e4\" data-element_type=\"container\" data-e-type=\"container\">\n\t\t\t\t\t<div class=\"e-con-inner\">\n\t\t\t\t\t<\/div>\n\t\t\t\t<\/div>\n\t\t<div class=\"elementor-element elementor-element-8a494f1 e-flex e-con-boxed e-con e-parent\" data-id=\"8a494f1\" data-element_type=\"container\" data-e-type=\"container\">\n\t\t\t\t\t<div class=\"e-con-inner\">\n\t\t\t\t<div class=\"elementor-element elementor-element-1d771ff elementor-widget elementor-widget-n-accordion\" data-id=\"1d771ff\" data-element_type=\"widget\" data-e-type=\"widget\" data-settings=\"{&quot;default_state&quot;:&quot;expanded&quot;,&quot;max_items_expended&quot;:&quot;one&quot;,&quot;n_accordion_animation_duration&quot;:{&quot;unit&quot;:&quot;ms&quot;,&quot;size&quot;:400,&quot;sizes&quot;:[]}}\" data-widget_type=\"nested-accordion.default\">\n\t\t\t\t<div class=\"elementor-widget-container\">\n\t\t\t\t\t\t\t<div class=\"e-n-accordion\" aria-label=\"Accord\u00e9on. Ouvrez les liens avec Enter ou Space, fermez-les avec Escape et naviguez avec les touches fl\u00e9ch\u00e9es.\">\n\t\t\t\t\t\t<details id=\"e-n-accordion-item-3080\" class=\"e-n-accordion-item\" open>\n\t\t\t\t<summary class=\"e-n-accordion-item-title\" data-accordion-index=\"1\" tabindex=\"0\" aria-expanded=\"true\" aria-controls=\"e-n-accordion-item-3080\" >\n\t\t\t\t\t<span class='e-n-accordion-item-title-header'><div class=\"e-n-accordion-item-title-text\"> ATLM Expo annonce le Salon International de la Mode, du Textile et de la Chaussure en C\u00f4te d'Ivoire <\/div><\/span>\n\t\t\t\t\t\t\t<span class='e-n-accordion-item-title-icon'>\n\t\t\t<span class='e-opened' ><svg aria-hidden=\"true\" class=\"e-font-icon-svg e-fas-minus\" viewbox=\"0 0 448 512\" xmlns=\"http:\/\/www.w3.org\/2000\/svg\"><path d=\"M416 208H32c-17.67 0-32 14.33-32 32v32c0 17.67 14.33 32 32 32h384c17.67 0 32-14.33 32-32v-32c0-17.67-14.33-32-32-32z\"><\/path><\/svg><\/span>\n\t\t\t<span class='e-closed'><svg aria-hidden=\"true\" class=\"e-font-icon-svg e-fas-plus\" viewbox=\"0 0 448 512\" xmlns=\"http:\/\/www.w3.org\/2000\/svg\"><path d=\"M416 208H272V64c0-17.67-14.33-32-32-32h-32c-17.67 0-32 14.33-32 32v144H32c-17.67 0-32 14.33-32 32v32c0 17.67 14.33 32 32 32h144v144c0 17.67 14.33 32 32 32h32c17.67 0 32-14.33 32-32V304h144c17.67 0 32-14.33 32-32v-32c0-17.67-14.33-32-32-32z\"><\/path><\/svg><\/span>\n\t\t<\/span>\n\n\t\t\t\t\t\t<\/summary>\n\t\t\t\t<div role=\"region\" aria-labelledby=\"e-n-accordion-item-3080\" class=\"elementor-element elementor-element-6d9bd9f e-con-full e-flex e-con e-child\" data-id=\"6d9bd9f\" data-element_type=\"container\" data-e-type=\"container\">\n\t\t\t\t<div class=\"elementor-element elementor-element-994d285 elementor-widget elementor-widget-text-editor\" data-id=\"994d285\" data-element_type=\"widget\" data-e-type=\"widget\" data-widget_type=\"text-editor.default\">\n\t\t\t\t<div class=\"elementor-widget-container\">\n\t\t\t\t\t\t\t\t\t<p><span style=\"color: #000000;\"><strong>ATLM Expo annonce le salon international de la mode, du textile et de la chaussure en C\u00f4te d'Ivoire - <em>Une premi\u00e8re porte d'entr\u00e9e pour les marques mondiales sur le march\u00e9 \u00e0 croissance rapide de l'Afrique de l'Ouest<\/em><\/strong><\/span><\/p><p><span style=\"color: #000000;\"><strong>Abidjan, C\u00f4te d'Ivoire -<\/strong> ATLM Expo est fi\u00e8re d'annoncer le lancement de l'initiative <strong>Salon international de la mode, du textile et de la chaussure 2026<\/strong>, pr\u00e9vue pour avoir lieu <strong>Du 16 au 18 avril 2026<\/strong> \u00e0 Abidjan.<\/span><\/p><p><span style=\"color: #000000;\">Positionn\u00e9 comme l'un des \u00e9v\u00e9nements de mode les plus influents de l'Union europ\u00e9enne. <strong>Afrique de l'Ouest<\/strong>Cette exposition servira de plateforme strat\u00e9gique pour <strong>marques mondiales, designers, d\u00e9taillants<\/strong>et <strong>les leaders de l'industrie<\/strong> pour explorer de nouvelles possibilit\u00e9s, \u00e9tablir des partenariats et pr\u00e9senter les derni\u00e8res innovations dans le domaine de l'\u00e9ducation et de la formation. <strong>v\u00eatements, textiles, accessoires, chaussures, <\/strong>et<strong> tendances en mati\u00e8re de mode de vie<\/strong>.<\/span><\/p><p><span style=\"color: #000000;\"><strong><em>Des opportunit\u00e9s in\u00e9gal\u00e9es pour les entreprises internationales et locales<\/em><\/strong><\/span><\/p><p><span style=\"color: #000000;\">L'exposition est con\u00e7ue pour mettre en relation les d\u00e9cideurs des secteurs suivants <strong>Afrique de l'Ouest,<\/strong> <strong>Europe, Asie, Moyen-Orient et Afrique<\/strong> avec l'industrie de la mode en pleine expansion de la C\u00f4te d'Ivoire. Les participants b\u00e9n\u00e9ficieront d'un acc\u00e8s unique \u00e0 :<\/span><\/p><ul><li><span style=\"color: #000000;\"><strong>Programme d'acheteur h\u00e9berg\u00e9 :<\/strong> Des opportunit\u00e9s exclusives de rencontres B2B adapt\u00e9es aux cr\u00e9ateurs, aux d\u00e9taillants et aux maisons de couture.<\/span><\/li><li><span style=\"color: #000000;\"><strong>Le r\u00e9seautage mondial :<\/strong> Engagement direct avec les producteurs et les fournisseurs de <strong>C\u00f4te d'Ivoire, Chine, Inde, France, Italie, Monaco, Maroc, Turquie et r\u00e9gion du Golfe<\/strong>.<\/span><\/li><li><span style=\"color: #000000;\"><strong>Aper\u00e7u du march\u00e9 :<\/strong> Exposition approfondie \u00e0 <strong>les nouvelles tendances de consommation, les innovations en mati\u00e8re de produits et les canaux de distribution<\/strong> en Afrique de l'Ouest.<\/span><\/li><\/ul><p><span style=\"color: #000000;\"><strong>Un p\u00f4le d'innovation et de croissance<\/strong><\/span><\/p><p><span style=\"color: #000000;\">Outre les expositions, l'\u00e9v\u00e9nement comprendra <strong>d\u00e9fil\u00e9s, d\u00e9monstrations en direct, lancements de produits<\/strong>et <strong>des panels dirig\u00e9s par des experts<\/strong>Les participants pourront ainsi se familiariser directement avec les derni\u00e8res tendances et innovations qui fa\u00e7onnent le march\u00e9 de l'emploi. <strong>l'industrie mondiale de la mode<\/strong>.<\/span><\/p><p><span style=\"color: #000000;\">L'exposition de mode devrait attirer des acheteurs <strong>des cha\u00eenes de magasins, des grands magasins, des plateformes de commerce \u00e9lectronique, des boutiques,<\/strong> et <strong>maisons de couture<\/strong>Il s'agit donc d'une plateforme compl\u00e8te pour l'expansion des entreprises et la collaboration cr\u00e9ative.<\/span><\/p><p><span style=\"color: #000000;\">\"Cet \u00e9v\u00e9nement ne mettra pas seulement en valeur l'expertise internationale, mais renforcera \u00e9galement la position de l'Afrique de l'Ouest en tant que centre \u00e9mergent de la mode et du design\", ont d\u00e9clar\u00e9 les organisateurs d'ATLM Expo. \"En r\u00e9unissant des leaders mondiaux et des talents locaux, l'exposition de mode de C\u00f4te d'Ivoire servira de catalyseur pour la croissance \u00e0 long terme, l'innovation et les \u00e9changes culturels.<\/span><\/p><p><span style=\"color: #000000;\"><strong><em>\u00c0 propos d'ATLM Expo<\/em><\/strong><\/span><\/p><p><span style=\"color: #000000;\"><em>Fond\u00e9e en 1997, <strong>ATLM Expo<\/strong> s'est impos\u00e9e comme un leader mondial dans l'organisation <strong>foires et expositions \u00e0 fort impact<\/strong> dans plus de 35 pays. Avec un portefeuille diversifi\u00e9 couvrant <strong>Construction, immobilier, alimentation et boulangerie, cosm\u00e9tiques, mode, automobile, \u00e9nergie, syst\u00e8mes de chauffage, de ventilation et de climatisation, d\u00e9coration, h\u00f4tellerie et soins de sant\u00e9<\/strong>ATLM Expo a organis\u00e9 avec succ\u00e8s des \u00e9v\u00e9nements de grande envergure dans les domaines suivants <strong>Nigeria, Maroc, S\u00e9n\u00e9gal, Irak, Kazakhstan, Ouzb\u00e9kistan et C\u00f4te d'Ivoire<\/strong>.<\/em><\/span><\/p><p><span style=\"color: #000000;\"><em>D\u00e9di\u00e9 \u00e0 <strong>mettre en relation les exportateurs avec les march\u00e9s \u00e9mergents dans le monde entier<\/strong>ATLM Expo continue de cr\u00e9er <strong>des plates-formes pr\u00e9cieuses pour la collaboration, l'innovation et la croissance durable<\/strong>tout en jouant un r\u00f4le essentiel dans le d\u00e9veloppement des industries et le soutien des \u00e9conomies locales.<\/em><\/span><\/p><p style=\"text-align: center;\"><span style=\"color: #000000;\"><a style=\"color: #000000;\" href=\"http:\/\/www.atilimfuar.com\/\">www.atilimfuar.com<\/a> | abidjan@atilimfuar.com | +225 07 16 91 55 00<\/span><\/p>\t\t\t\t\t\t\t\t<\/div>\n\t\t\t\t<\/div>\n\t\t\t\t<\/div>\n\t\t\t\t\t<\/details>\n\t\t\t\t\t<\/div>\n\t\t\t\t\t\t<\/div>\n\t\t\t\t<\/div>\n\t\t\t\t\t<\/div>\n\t\t\t\t<\/div>\n\t\t\t\t<\/div>","protected":false},"excerpt":{"rendered":"<p>Press Release ATLM Expo Announces the International Fashion, Textile &amp; Shoes Exhibition in Ivory Coast ATLM Expo Announces the International [&hellip;]<\/p>","protected":false},"author":3,"featured_media":0,"parent":0,"menu_order":0,"comment_status":"closed","ping_status":"closed","template":"","meta":{"site-sidebar-layout":"no-sidebar","site-content-layout":"","ast-site-content-layout":"full-width-container","site-content-style":"default","site-sidebar-style":"default","ast-global-header-display":"","ast-banner-title-visibility":"","ast-main-header-display":"","ast-hfb-above-header-display":"","ast-hfb-below-header-display":"","ast-hfb-mobile-header-display":"","site-post-title":"disabled","ast-breadcrumbs-content":"","ast-featured-img":"disabled","footer-sml-layout":"","ast-disable-related-posts":"","theme-transparent-header-meta":"","adv-header-id-meta":"","stick-header-meta":"","header-above-stick-meta":"","header-main-stick-meta":"","header-below-stick-meta":"","astra-migrate-meta-layouts":"default","ast-page-background-enabled":"default","ast-page-background-meta":{"desktop":{"background-color":"var(--ast-global-color-5)","background-image":"","background-repeat":"repeat","background-position":"center center","background-size":"auto","background-attachment":"scroll","background-type":"","background-media":"","overlay-type":"","overlay-color":"","overlay-opacity":"","overlay-gradient":""},"tablet":{"background-color":"","background-image":"","background-repeat":"repeat","background-position":"center center","background-size":"auto","background-attachment":"scroll","background-type":"","background-media":"","overlay-type":"","overlay-color":"","overlay-opacity":"","overlay-gradient":""},"mobile":{"background-color":"","background-image":"","background-repeat":"repeat","background-position":"center center","background-size":"auto","background-attachment":"scroll","background-type":"","background-media":"","overlay-type":"","overlay-color":"","overlay-opacity":"","overlay-gradient":""}},"ast-content-background-meta":{"desktop":{"background-color":"var(--ast-global-color-4)","background-image":"","background-repeat":"repeat","background-position":"center center","background-size":"auto","background-attachment":"scroll","background-type":"","background-media":"","overlay-type":"","overlay-color":"","overlay-opacity":"","overlay-gradient":""},"tablet":{"background-color":"var(--ast-global-color-4)","background-image":"","background-repeat":"repeat","background-position":"center center","background-size":"auto","background-attachment":"scroll","background-type":"","background-media":"","overlay-type":"","overlay-color":"","overlay-opacity":"","overlay-gradient":""},"mobile":{"background-color":"var(--ast-global-color-4)","background-image":"","background-repeat":"repeat","background-position":"center center","background-size":"auto","background-attachment":"scroll","background-type":"","background-media":"","overlay-type":"","overlay-color":"","overlay-opacity":"","overlay-gradient":""}},"footnotes":""},"class_list":["post-356","page","type-page","status-publish","hentry"],"_links":{"self":[{"href":"https:\/\/ivorycoastfashiontexpo.com\/fr\/wp-json\/wp\/v2\/pages\/356","targetHints":{"allow":["GET"]}}],"collection":[{"href":"https:\/\/ivorycoastfashiontexpo.com\/fr\/wp-json\/wp\/v2\/pages"}],"about":[{"href":"https:\/\/ivorycoastfashiontexpo.com\/fr\/wp-json\/wp\/v2\/types\/page"}],"author":[{"embeddable":true,"href":"https:\/\/ivorycoastfashiontexpo.com\/fr\/wp-json\/wp\/v2\/users\/3"}],"replies":[{"embeddable":true,"href":"https:\/\/ivorycoastfashiontexpo.com\/fr\/wp-json\/wp\/v2\/comments?post=356"}],"version-history":[{"count":11,"href":"https:\/\/ivorycoastfashiontexpo.com\/fr\/wp-json\/wp\/v2\/pages\/356\/revisions"}],"predecessor-version":[{"id":660,"href":"https:\/\/ivorycoastfashiontexpo.com\/fr\/wp-json\/wp\/v2\/pages\/356\/revisions\/660"}],"wp:attachment":[{"href":"https:\/\/ivorycoastfashiontexpo.com\/fr\/wp-json\/wp\/v2\/media?parent=356"}],"curies":[{"name":"wp","href":"https:\/\/api.w.org\/{rel}","templated":true}]}}

Communiqué de presse

<div data-elementor-type="wp-page" data-elementor-id="356" class="elementor elementor-356">
				<div class="elementor-element elementor-element-54d3033 e-flex e-con-boxed e-con e-parent" data-id="54d3033" data-element_type="container" data-e-type="container" data-settings="{&quot;background_background&quot;:&quot;classic&quot;}">
					<div class="e-con-inner">
		<div class="elementor-element elementor-element-25177bc e-con-full e-flex e-con e-child" data-id="25177bc" data-element_type="container" data-e-type="container">
				<div class="elementor-element elementor-element-f10b450 elementor-widget elementor-widget-heading" data-id="f10b450" data-element_type="widget" data-e-type="widget" data-widget_type="heading.default">
				<div class="elementor-widget-container">
					<h1 class="elementor-heading-title elementor-size-default">Communiqué de presse</h1>				</div>
				</div>
				</div>
					</div>
				</div>
		<div class="elementor-element elementor-element-ca095e4 e-flex e-con-boxed e-con e-parent" data-id="ca095e4" data-element_type="container" data-e-type="container">
					<div class="e-con-inner">
					</div>
				</div>
		<div class="elementor-element elementor-element-8a494f1 e-flex e-con-boxed e-con e-parent" data-id="8a494f1" data-element_type="container" data-e-type="container">
					<div class="e-con-inner">
				<div class="elementor-element elementor-element-1d771ff elementor-widget elementor-widget-n-accordion" data-id="1d771ff" data-element_type="widget" data-e-type="widget" data-settings="{&quot;default_state&quot;:&quot;expanded&quot;,&quot;max_items_expended&quot;:&quot;one&quot;,&quot;n_accordion_animation_duration&quot;:{&quot;unit&quot;:&quot;ms&quot;,&quot;size&quot;:400,&quot;sizes&quot;:[]}}" data-widget_type="nested-accordion.default">
				<div class="elementor-widget-container">
							<div class="e-n-accordion" aria-label="Accordéon. Ouvrez les liens avec Enter ou Space, fermez-les avec Escape et naviguez avec les touches fléchées.">
						<details id="e-n-accordion-item-3080" class="e-n-accordion-item" open>
				<summary class="e-n-accordion-item-title" data-accordion-index="1" tabindex="0" aria-expanded="true" aria-controls="e-n-accordion-item-3080" >
					<span class='e-n-accordion-item-title-header'><div class="e-n-accordion-item-title-text"> ATLM Expo annonce le Salon International de la Mode, du Textile et de la Chaussure en Côte d'Ivoire </div></span>
							<span class='e-n-accordion-item-title-icon'>
			<span class='e-opened' ><svg aria-hidden="true" class="e-font-icon-svg e-fas-minus" viewbox="0 0 448 512" xmlns="http://www.w3.org/2000/svg"><path d="M416 208H32c-17.67 0-32 14.33-32 32v32c0 17.67 14.33 32 32 32h384c17.67 0 32-14.33 32-32v-32c0-17.67-14.33-32-32-32z"></path></svg></span>
			<span class='e-closed'><svg aria-hidden="true" class="e-font-icon-svg e-fas-plus" viewbox="0 0 448 512" xmlns="http://www.w3.org/2000/svg"><path d="M416 208H272V64c0-17.67-14.33-32-32-32h-32c-17.67 0-32 14.33-32 32v144H32c-17.67 0-32 14.33-32 32v32c0 17.67 14.33 32 32 32h144v144c0 17.67 14.33 32 32 32h32c17.67 0 32-14.33 32-32V304h144c17.67 0 32-14.33 32-32v-32c0-17.67-14.33-32-32-32z"></path></svg></span>
		</span>

						</summary>
				<div role="region" aria-labelledby="e-n-accordion-item-3080" class="elementor-element elementor-element-6d9bd9f e-con-full e-flex e-con e-child" data-id="6d9bd9f" data-element_type="container" data-e-type="container">
				<div class="elementor-element elementor-element-994d285 elementor-widget elementor-widget-text-editor" data-id="994d285" data-element_type="widget" data-e-type="widget" data-widget_type="text-editor.default">
				<div class="elementor-widget-container">
									<p><span style="color: #000000;"><strong>ATLM Expo annonce le salon international de la mode, du textile et de la chaussure en Côte d'Ivoire - <em>Une première porte d'entrée pour les marques mondiales sur le marché à croissance rapide de l'Afrique de l'Ouest</em></strong></span></p><p><span style="color: #000000;"><strong>Abidjan, Côte d'Ivoire -</strong> ATLM Expo est fière d'annoncer le lancement de l'initiative <strong>Salon international de la mode, du textile et de la chaussure 2026</strong>, prévue pour avoir lieu <strong>Du 16 au 18 avril 2026</strong> à Abidjan.</span></p><p><span style="color: #000000;">Positionné comme l'un des événements de mode les plus influents de l'Union européenne. <strong>Afrique de l'Ouest</strong>Cette exposition servira de plateforme stratégique pour <strong>marques mondiales, designers, détaillants</strong>et <strong>les leaders de l'industrie</strong> pour explorer de nouvelles possibilités, établir des partenariats et présenter les dernières innovations dans le domaine de l'éducation et de la formation. <strong>vêtements, textiles, accessoires, chaussures, </strong>et<strong> tendances en matière de mode de vie</strong>.</span></p><p><span style="color: #000000;"><strong><em>Des opportunités inégalées pour les entreprises internationales et locales</em></strong></span></p><p><span style="color: #000000;">L'exposition est conçue pour mettre en relation les décideurs des secteurs suivants <strong>Afrique de l'Ouest,</strong> <strong>Europe, Asie, Moyen-Orient et Afrique</strong> avec l'industrie de la mode en pleine expansion de la Côte d'Ivoire. Les participants bénéficieront d'un accès unique à :</span></p><ul><li><span style="color: #000000;"><strong>Programme d'acheteur hébergé :</strong> Des opportunités exclusives de rencontres B2B adaptées aux créateurs, aux détaillants et aux maisons de couture.</span></li><li><span style="color: #000000;"><strong>Le réseautage mondial :</strong> Engagement direct avec les producteurs et les fournisseurs de <strong>Côte d'Ivoire, Chine, Inde, France, Italie, Monaco, Maroc, Turquie et région du Golfe</strong>.</span></li><li><span style="color: #000000;"><strong>Aperçu du marché :</strong> Exposition approfondie à <strong>les nouvelles tendances de consommation, les innovations en matière de produits et les canaux de distribution</strong> en Afrique de l'Ouest.</span></li></ul><p><span style="color: #000000;"><strong>Un pôle d'innovation et de croissance</strong></span></p><p><span style="color: #000000;">Outre les expositions, l'événement comprendra <strong>défilés, démonstrations en direct, lancements de produits</strong>et <strong>des panels dirigés par des experts</strong>Les participants pourront ainsi se familiariser directement avec les dernières tendances et innovations qui façonnent le marché de l'emploi. <strong>l'industrie mondiale de la mode</strong>.</span></p><p><span style="color: #000000;">L'exposition de mode devrait attirer des acheteurs <strong>des chaînes de magasins, des grands magasins, des plateformes de commerce électronique, des boutiques,</strong> et <strong>maisons de couture</strong>Il s'agit donc d'une plateforme complète pour l'expansion des entreprises et la collaboration créative.</span></p><p><span style="color: #000000;">"Cet événement ne mettra pas seulement en valeur l'expertise internationale, mais renforcera également la position de l'Afrique de l'Ouest en tant que centre émergent de la mode et du design", ont déclaré les organisateurs d'ATLM Expo. "En réunissant des leaders mondiaux et des talents locaux, l'exposition de mode de Côte d'Ivoire servira de catalyseur pour la croissance à long terme, l'innovation et les échanges culturels.</span></p><p><span style="color: #000000;"><strong><em>À propos d'ATLM Expo</em></strong></span></p><p><span style="color: #000000;"><em>Fondée en 1997, <strong>ATLM Expo</strong> s'est imposée comme un leader mondial dans l'organisation <strong>foires et expositions à fort impact</strong> dans plus de 35 pays. Avec un portefeuille diversifié couvrant <strong>Construction, immobilier, alimentation et boulangerie, cosmétiques, mode, automobile, énergie, systèmes de chauffage, de ventilation et de climatisation, décoration, hôtellerie et soins de santé</strong>ATLM Expo a organisé avec succès des événements de grande envergure dans les domaines suivants <strong>Nigeria, Maroc, Sénégal, Irak, Kazakhstan, Ouzbékistan et Côte d'Ivoire</strong>.</em></span></p><p><span style="color: #000000;"><em>Dédié à <strong>mettre en relation les exportateurs avec les marchés émergents dans le monde entier</strong>ATLM Expo continue de créer <strong>des plates-formes précieuses pour la collaboration, l'innovation et la croissance durable</strong>tout en jouant un rôle essentiel dans le développement des industries et le soutien des économies locales.</em></span></p><p style="text-align: center;"><span style="color: #000000;"><a style="color: #000000;" href="http://www.atilimfuar.com/">www.atilimfuar.com</a> | abidjan@atilimfuar.com | +225 07 16 91 55 00</span></p>								</div>
				</div>
				</div>
					</details>
					</div>
						</div>
				</div>
					</div>
				</div>
				</div>
